 37 and b?
37
Suppose -3*l - 44*f + 39*f + 1300 = 0, -856 = -2*l - 2*f. What is the greatest common factor of 196 and l?
28
Let f(q) = -10*q**2 + 6*q + 7. Let p be f(-2). Let j = -41 - p. Suppose i = -4*h + 64, 3*i + 3*h - 235 = -2*i. Calculate the highest common divisor of i and j.
4
Let g = 21577 + -21185. What is the greatest common divisor of 1750 and g?
14
Let a(g) = -336*g - 4197. Let t be a(-14). Calculate the greatest common divisor of 195 and t.
39
Suppose -4*c + 4 = -4*l - 4, 5*c - 2*l - 13 = 0. Suppose 24*w - 27*w = c*h - 216, 3*w = 2*h + 196. What is the highest common factor of w and 17?
17
Let x = 26745 + -22753. Calculate the highest common divisor of x and 32.
8
Suppose 274 = 4*o - 2*a, 5*a = 6*o - 8*o + 143. Suppose -o = -5*h + 3*w, -4*h = w - 0 - 45. What is the greatest common factor of h and 96?
12
Suppose 7*j = 2*j + 140. Let a = -171 + 250. Suppose -4*x = 4*w - 92, 28*x = 31*x + w - a. Calculate the highest common divisor of j and x.
28
Let a = 61 + -57. Suppose -b - 5 = -3*b + z, -5*z = a*b - 3. Let p be (-12)/(-28) + b/(42/327). Calculate the highest common divisor of 40 and p.
8
Let x(o) = 2*o**2 + 40*o + 13. Let h be x(-20). Suppose 5*l - h*l = -312. What is the highest common divisor of 52 and l?
13
Suppose f - 2 + 6 = 4*p, 0 = -p - f - 4. Suppose p*i + 10*i = 760. Let m be 38/8*-2*-2. What is the highest common divisor of i and m?
19
Let j(s) = s**2 - 1350*s + 24074. Let d be j(18). Suppose 0 = 3*k - 2*b - 11, -2*k - 2*b + 7*b = 11. Calculate the highest common divisor of k and d.
7
Let o(c) = -7*c. Let x be (-40)/(-100)*(-1 + 91). Let y = x + -38. Let h be o(y). Calculate the highest common factor of h and 7.
7
Suppose -5*u + 351 - 126 = 0. Suppose -u = -3*x - 15. Suppose 5*f = 6 + 69. What is the greatest common divisor of f and x?
5
Let a(n) = 13*n**2 + 68*n + 359. Let i be a(-9). Calculate the highest common factor of i and 75.
25
Let d be (217/(-93))/(-3 - 32/(-12)). Calculate the highest common factor of d and 2156.
7
Let h be 20/190 + (3 - 9593/(-19)). Calculate the greatest common divisor of 635 and h.
127
Suppose 51*b - 5*b = 21*b + 4550. Calculate the greatest common factor of 3406 and b.
26
Suppose -267*j + 60*j + 1656 = 0. What is the highest common factor of j and 19168?
8
Let a = -3 + 65. Suppose -5*s = -95*l + 92*l + 573, -5*l = 4*s - 918. Calculate the greatest common divisor of l and a.
62
Let u be (19 - 4)*220/50. What is the greatest common divisor of u and 18?
6
Let r(o) = o**2 + 13*o + 29. Let w be r(-12). Suppose -53*i = -54*i + 3. Let v(j) = 34*j - 17. Let x be v(i). Calculate the greatest common factor of w and x.
17
Suppose 9768*p = 9777*p - 288. What is the highest common divisor of p and 64?
32
Suppose 2*b + 2*l = 38, 59*b = 54*b + l + 59. Calculate the greatest common divisor of b and 5031.
13
Suppose -t + 5*a = -296 - 119, -1197 = -3*t - a. What is the highest common factor of t and 304?
16
Suppose 2*a + 4*y = 20, -4*a - 4*y = -3*y - 54. Suppose 0 = -v + 2, -a = -3*o - 5*v + 206. Calculate the greatest common factor of o and 28.
14
Let d(r) = -3*r - 16. Let x be d(-6). Suppose -392 = x*w + 5*w. Let h = w + 70. Calculate the highest common factor of h and 7.
7
Suppose -42 = -3694*h + 3691*h. Calculate the highest common factor of 854 and h.
14
Suppose -3*j = -4*x - 128, 2178 = 3*j - x + 2083. Let i = 524 - 370. Calculate the highest common factor of j and i.
14
Let j(o) = -3*o - 23. Let b be j(-19). Suppose 0 = 3*i - 0*i + 4*l + 85, 2*i - 3*l = -b. Let t = 61 + i. What is the greatest common divisor of 19 and t?
19
Suppose -18 = -6*n + 9*n. Let y(l) = l**3 + 7*l**2 + 4*l. Let v be y(n). Suppose -a - 924 = -v*a. Calculate the highest common factor of 7 and a.
7
Let l(x) = -x**3 + 4*x**2 - 8*x + 8. Let y be l(2). Suppose -10*j - 135 + 485 = y. What is the highest common factor of 20 and j?
5
Suppose -1 - 23 = -4*k. Let q(f) = -917*f + 198. Let n be q(0). Calculate the greatest common factor of n and k.
6
Suppose -293*f + 598*f - 1140 = 285*f. Suppose 89 + 82 = 3*l. Calculate the greatest common divisor of f and l.
57
Let p(u) = 90*u**3 + 19*u - 27. Let i be p(4). Suppose 3407 + i = 36*c. What is the greatest common factor of 4 and c?
4
Suppose 0 = 2*s + 4*o - 208, 3*s - 3*o = -o + 304. Let v = -90 + s. What is the greatest common factor of v and 240?
12
Suppose 17 + 247 = 24*n. What is the greatest common divisor of n and 2310?
11
Let t(x) = -2*x**3 + 83*x**2 - 30*x + 273. Let k be t(41). What is the greatest common divisor of 16 and k?
4
Let g be 50/(-450) - 28/(-9). Calculate the greatest common divisor of g and 1170.
3
Let d be (9/(-4) - -6)/((-9)/(-24)). What is the highest common factor of d and 4210?
10
Suppose o - 5*q - 2419 = 5*o, -3*o - 2*q - 1816 = 0. Let t = -375 - o. Calculate the highest common divisor of t and 21.
21
Suppose -23*f + 224 = -98. Calculate the greatest common divisor of f and 6398.
14
Let a(k) = -k**3 + 13*k**2 - k + 13. Let z be a(13). Suppose z = 6*f - 3*f. Suppose f = -10*m + 14*m - 140. Calculate the highest common factor of 315 and m.
35
Let u(z) = z**2 + 16*z + 59. Let d be u(-9). Let y be (-238)/(-1 - (d + 4)). Calculate the highest common divisor of 14 and y.
14
Let p(m) = -m**3 - 1. Let j be p(-1). Suppose j = 4*l + 2 - 10. Suppose -3*d = u + u + 1, -24 = -l*u + 2*d. Calculate the highest common factor of 21 and u.
7
Let i(q) = 5*q**2 + q**3 + 2 + 2*q**2 - 2*q**2 - q. Suppose 2*l + 0*l = -10. Let c be i(l). Calculate the greatest common divisor of c and 49.
7
Let p(h) = -243*h - 211. Let i be p(-4). What is the greatest common divisor of i and 1?
1
Suppose 0*l = -19*l + 1235. Suppose -68*h = -l*h - 123. What is the highest common divisor of h and 1?
1
Let g = -76 - -148. Let s(h) = -3*h**2 + 14*h + 3. Suppose 4*v - 2 = -3*l + 7, 0 = 4*v + 4*l - 8. Let j be s(v). What is the highest common factor of j and g?
18
Suppose 5*f + f - 6 = 0. Let x(g) = -3*g**2 - 3*g + 3. Let j be x(f). Let c be (-51)/((-3)/1) + j. What is the highest common factor of 98 and c?
14
Suppose g - 4808 = 4*p, 0 = 5*g - 40*p + 36*p - 24008. Calculate the highest common divisor of g and 75.
75
Suppose 0 = -5*q - 2*a + 363 + 848, -5*a - 708 = -3*q. Let i = q - 236. Let l = -112 + 197. Calculate the greatest common divisor of i and l.
5
Let a(g) = -39*g - 2157. Let i be a(-65). What is the greatest common divisor of 28 and i?
14
Let n = -25 + 157. Suppose 0 = 2*g + 31*d - 27*d - 4, -4*g - 2*d = -38. What is the greatest common factor of n and g?
12
Let b = 5879 - 1434. Suppose 5*u - b = 5*i, -3*i - i = u + 3536. Let r = 1275 + i. What is the highest common factor of 39 and r?
39
Suppose -32*f = -36*f + 32. Let s be (6/f*-4)/(2/(-88)). What is the greatest common divisor of 33 and s?
33
Let k(o) = 2*o**2 - 15*o - 5. Let d(c) = c**3 - 17*c**2 + 6*c - 92. Let n be d(17). Let b be k(n). What is the greatest common factor of 165 and b?
15
Let q = -3669 - -3715. Calculate the highest common divisor of q and 1978.
46
Let i be 10 + (4 - (-68)/(-16))*16. What is the greatest common divisor of i and 20?
2
Let f be (1 + (-3)/15)*(-95)/(-2). Let h be 1*(902 + (1 - -2) + 2). Let c = h + -641. What is the highest common divisor of c and f?
38
Let d be (-30)/(-4)*(-40)/(-6). Let c = 126662 - 126262. Calculate the greatest common divisor of d and c.
50
Let u = -3381 + 3383. What is the highest common factor of u and 28?
2
Suppose -1796 = -2*v - 2*v - 2*l, -v - 4*l = -442. Calculate the greatest common divisor of v and 2430.
90
Suppose 2365 - 734 = 7*m. Suppose 5*o = 4*x - 7 - m, 0 = 2*x - 5*o - 110. Let a be (-1)/(-1) + 26 - 1. What is the highest common factor of x and a?
13
Suppose -33*j + 78*j = 7245. What is the highest common divisor of j and 35?
7
Let t be (-2)/((-3)/(-45)*-2). Suppose -2104*o - 5445 = -2225*o. Calculate the greatest common divisor of t and o.
15
Let q(t) = 84*t**2 + 6 + 107*t**2 + 4*t - 160*t**2. Let r be q(-1). Calculate the greatest common divisor of 253 and r.
11
Suppose 35*n - 43*n - 1480 = 0. Let a = n + 210. Let t be ((-150)/8)/((-3)/12). What is the greatest common factor of a and t?
25
Let g = -13 - 98. Suppose -3*l + 0*t = t + 240, t = 4*l + 313. Let n = l - g. Calculate the highest common factor of 16 and n.
16
Suppose -4*q = 507 - 843. What is the highest common f